{"id":300,"date":"2025-06-10T10:56:19","date_gmt":"2025-06-10T08:56:19","guid":{"rendered":"http:\/\/ehpadpedoya.fr\/?page_id=300"},"modified":"2025-12-09T14:56:02","modified_gmt":"2025-12-09T13:56:02","slug":"pole-alzheimer","status":"publish","type":"page","link":"https:\/\/ehpadpedoya.fr\/?page_id=300","title":{"rendered":"Les accompagnements sp\u00e9cifiques"},"content":{"rendered":"\n<h2 class=\"wp-block-heading\">L&rsquo;unit\u00e9 prot\u00e9g\u00e9e<\/h2>\n\n\n\n<p class=\"has-text-align-justify has-text-align-justify\">La maladie d\u2019Alzheimer et autres d\u00e9mences sont les plus fr\u00e9quentes des maladies neurod\u00e9g\u00e9n\u00e9ratives. Elles repr\u00e9sentent une cause majeure de perte d\u2019autonomie, de troubles du comportement et de troubles cognitifs. C\u2019est bien souvent la maladie qui a n\u00e9cessit\u00e9 l\u2019entr\u00e9e en EHPAD.<\/p>\n\n\n\n<p class=\"has-text-align-justify has-text-align-justify\"><br>Les personnes souffrant de maladies neurod\u00e9g\u00e9n\u00e9ratives ont besoin d\u2019accompagnements adapt\u00e9s et sp\u00e9cifiques.<\/p>\n\n\n\n<p class=\"has-text-align-justify has-text-align-justify\">L\u2019EHPAD Gustave Pedoya propose un accompagnement adapt\u00e9 :<\/p>\n\n\n\n<ul class=\"wp-block-list has-pale-pink-background-color has-background\">\n<li><strong><mark style=\"background-color:rgba(0, 0, 0, 0)\" class=\"has-inline-color has-white-color\">Une unit\u00e9 de vie prot\u00e9g\u00e9e : le Pavillon Fleuri<\/mark><\/strong><\/li>\n<\/ul>\n\n\n\n<hr class=\"wp-block-separator has-text-color has-alpha-channel-opacity has-background\" style=\"background-color:#81d742;color:#81d742\"\/>\n\n\n\n<h2 class=\"wp-block-heading\"><\/h2>\n\n\n\n<p class=\"has-text-align-justify has-text-align-justify\">La Pavillon Fleuri est une unit\u00e9 de vie et d\u2019h\u00e9bergement accueillant des r\u00e9sidents atteints de maladies neuro-d\u00e9g\u00e9n\u00e9ratives avec des troubles importants \u00e0 s\u00e9v\u00e8res du comportement.<\/p>\n\n\n\n<div class=\"wp-block-columns is-layout-flex wp-container-core-columns-is-layout-9d6595d7 wp-block-columns-is-layout-flex\">\n<div class=\"wp-block-column is-layout-flow wp-block-column-is-layout-flow\" style=\"flex-basis:33.33%\">\n<figure class=\"wp-block-image size-full\"><img loading=\"lazy\" decoding=\"async\" width=\"403\" height=\"197\" src=\"https:\/\/ehpadpedoya.fr\/wp-content\/uploads\/2025\/08\/Capture-decran-2025-08-21-110634.png\" alt=\"\" class=\"wp-image-413\" srcset=\"https:\/\/ehpadpedoya.fr\/wp-content\/uploads\/2025\/08\/Capture-decran-2025-08-21-110634.png 403w, https:\/\/ehpadpedoya.fr\/wp-content\/uploads\/2025\/08\/Capture-decran-2025-08-21-110634-300x147.png 300w, https:\/\/ehpadpedoya.fr\/wp-content\/uploads\/2025\/08\/Capture-decran-2025-08-21-110634-123x60.png 123w\" sizes=\"auto, (max-width: 403px) 100vw, 403px\" \/><\/figure>\n<\/div>\n\n\n\n<div class=\"wp-block-column is-layout-flow wp-block-column-is-layout-flow\" style=\"flex-basis:66.66%\">\n<p class=\"has-text-align-justify has-text-align-justify\">Dot\u00e9e d\u2019une pi\u00e8ce de vie collective, d\u2019un jardin priv\u00e9 s\u00e9curis\u00e9 et d\u2019un \u00e9quipement sensoriel, le Pavillon est<br>un espace de vie garantissant la s\u00e9curit\u00e9 des personnes mais surtout un accompagnement individualis\u00e9, adapt\u00e9 \u00e0 leurs troubles.<\/p>\n<\/div>\n<\/div>\n\n\n\n<p class=\"has-text-align-justify has-text-align-justify\">En compl\u00e9ment de l\u2019espace bien \u00eatre, l\u2019\u00e9quipe souhaite d\u00e9velopper de nouvelles approches non m\u00e9dicamenteuses, notamment la m\u00e9thode Montessori adapt\u00e9e.<\/p>\n\n\n\n<figure class=\"wp-block-image size-full\"><img loading=\"lazy\" decoding=\"async\" width=\"713\" height=\"117\" src=\"https:\/\/ehpadpedoya.fr\/wp-content\/uploads\/2025\/08\/Capture-decran-2025-08-21-114641.png\" alt=\"\" class=\"wp-image-420\" srcset=\"https:\/\/ehpadpedoya.fr\/wp-content\/uploads\/2025\/08\/Capture-decran-2025-08-21-114641.png 713w, https:\/\/ehpadpedoya.fr\/wp-content\/uploads\/2025\/08\/Capture-decran-2025-08-21-114641-300x49.png 300w, https:\/\/ehpadpedoya.fr\/wp-content\/uploads\/2025\/08\/Capture-decran-2025-08-21-114641-366x60.png 366w\" sizes=\"auto, (max-width: 713px) 100vw, 713px\" \/><\/figure>\n\n\n\n<p><\/p>\n","protected":false},"excerpt":{"rendered":"<p>L&rsquo;unit\u00e9 prot\u00e9g\u00e9e La maladie d\u2019Alzheimer et autres d\u00e9mences sont les plus fr\u00e9quentes des maladies neurod\u00e9g\u00e9n\u00e9ratives. Elles repr\u00e9sentent une cause majeure de perte d\u2019autonomie, de troubles &hellip; <\/p>\n","protected":false},"author":2,"featured_media":0,"parent":156,"menu_order":0,"comment_status":"closed","ping_status":"closed","template":"","meta":{"ngg_post_thumbnail":0,"footnotes":""},"class_list":["post-300","page","type-page","status-publish","hentry","latest_post"],"yoast_head":"<!-- This site is optimized with the Yoast SEO plugin v27.3 - https:\/\/yoast.com\/product\/yoast-seo-wordpress\/ -->\n<title>Les accompagnements sp\u00e9cifiques - R\u00e9sidence G\u00e9n\u00e9ral Gustave PEDOYA<\/title>\n<meta name=\"robots\" content=\"index, follow, max-snippet:-1, max-image-preview:large, max-video-preview:-1\" \/>\n<link rel=\"canonical\" href=\"https:\/\/ehpadpedoya.fr\/?page_id=300\" \/>\n<meta property=\"og:locale\" content=\"fr_FR\" \/>\n<meta property=\"og:type\" content=\"article\" \/>\n<meta property=\"og:title\" content=\"Les accompagnements sp\u00e9cifiques - R\u00e9sidence G\u00e9n\u00e9ral Gustave PEDOYA\" \/>\n<meta property=\"og:description\" content=\"L&rsquo;unit\u00e9 prot\u00e9g\u00e9e La maladie d\u2019Alzheimer et autres d\u00e9mences sont les plus fr\u00e9quentes des maladies neurod\u00e9g\u00e9n\u00e9ratives. Elles repr\u00e9sentent une cause majeure de perte d\u2019autonomie, de troubles &hellip;\" \/>\n<meta property=\"og:url\" content=\"https:\/\/ehpadpedoya.fr\/?page_id=300\" \/>\n<meta property=\"og:site_name\" content=\"R\u00e9sidence G\u00e9n\u00e9ral Gustave PEDOYA\" \/>\n<meta property=\"article:modified_time\" content=\"2025-12-09T13:56:02+00:00\" \/>\n<meta property=\"og:image\" content=\"http:\/\/ehpadpedoya.fr\/wp-content\/uploads\/2025\/08\/Capture-decran-2025-08-21-110634.png\" \/>\n<meta name=\"twitter:card\" content=\"summary_large_image\" \/>\n<meta name=\"twitter:label1\" content=\"Dur\u00e9e de lecture estim\u00e9e\" \/>\n\t<meta name=\"twitter:data1\" content=\"2 minutes\" \/>\n<script type=\"application\/ld+json\" class=\"yoast-schema-graph\">{\"@context\":\"https:\\\/\\\/schema.org\",\"@graph\":[{\"@type\":\"WebPage\",\"@id\":\"https:\\\/\\\/ehpadpedoya.fr\\\/?page_id=300\",\"url\":\"https:\\\/\\\/ehpadpedoya.fr\\\/?page_id=300\",\"name\":\"Les accompagnements sp\u00e9cifiques - R\u00e9sidence G\u00e9n\u00e9ral Gustave PEDOYA\",\"isPartOf\":{\"@id\":\"https:\\\/\\\/ehpadpedoya.fr\\\/#website\"},\"primaryImageOfPage\":{\"@id\":\"https:\\\/\\\/ehpadpedoya.fr\\\/?page_id=300#primaryimage\"},\"image\":{\"@id\":\"https:\\\/\\\/ehpadpedoya.fr\\\/?page_id=300#primaryimage\"},\"thumbnailUrl\":\"http:\\\/\\\/ehpadpedoya.fr\\\/wp-content\\\/uploads\\\/2025\\\/08\\\/Capture-decran-2025-08-21-110634.png\",\"datePublished\":\"2025-06-10T08:56:19+00:00\",\"dateModified\":\"2025-12-09T13:56:02+00:00\",\"breadcrumb\":{\"@id\":\"https:\\\/\\\/ehpadpedoya.fr\\\/?page_id=300#breadcrumb\"},\"inLanguage\":\"fr-FR\",\"potentialAction\":[{\"@type\":\"ReadAction\",\"target\":[\"https:\\\/\\\/ehpadpedoya.fr\\\/?page_id=300\"]}]},{\"@type\":\"ImageObject\",\"inLanguage\":\"fr-FR\",\"@id\":\"https:\\\/\\\/ehpadpedoya.fr\\\/?page_id=300#primaryimage\",\"url\":\"https:\\\/\\\/ehpadpedoya.fr\\\/wp-content\\\/uploads\\\/2025\\\/08\\\/Capture-decran-2025-08-21-110634.png\",\"contentUrl\":\"https:\\\/\\\/ehpadpedoya.fr\\\/wp-content\\\/uploads\\\/2025\\\/08\\\/Capture-decran-2025-08-21-110634.png\",\"width\":403,\"height\":197},{\"@type\":\"BreadcrumbList\",\"@id\":\"https:\\\/\\\/ehpadpedoya.fr\\\/?page_id=300#breadcrumb\",\"itemListElement\":[{\"@type\":\"ListItem\",\"position\":1,\"name\":\"Accueil\",\"item\":\"https:\\\/\\\/ehpadpedoya.fr\\\/\"},{\"@type\":\"ListItem\",\"position\":2,\"name\":\"La r\u00e9sidence\",\"item\":\"https:\\\/\\\/ehpadpedoya.fr\\\/?page_id=156\"},{\"@type\":\"ListItem\",\"position\":3,\"name\":\"Les accompagnements sp\u00e9cifiques\"}]},{\"@type\":\"WebSite\",\"@id\":\"https:\\\/\\\/ehpadpedoya.fr\\\/#website\",\"url\":\"https:\\\/\\\/ehpadpedoya.fr\\\/\",\"name\":\"R\u00e9sidence G\u00e9n\u00e9ral Gustave P\u00e9doya\",\"description\":\"&quot;un cadre familial, un accompagnement personnalis\u00e9, une maison pour bien vivre ensemble&quot;\",\"publisher\":{\"@id\":\"https:\\\/\\\/ehpadpedoya.fr\\\/#organization\"},\"potentialAction\":[{\"@type\":\"SearchAction\",\"target\":{\"@type\":\"EntryPoint\",\"urlTemplate\":\"https:\\\/\\\/ehpadpedoya.fr\\\/?s={search_term_string}\"},\"query-input\":{\"@type\":\"PropertyValueSpecification\",\"valueRequired\":true,\"valueName\":\"search_term_string\"}}],\"inLanguage\":\"fr-FR\"},{\"@type\":\"Organization\",\"@id\":\"https:\\\/\\\/ehpadpedoya.fr\\\/#organization\",\"name\":\"R\u00e9sidence G\u00e9n\u00e9ral Gustave P\u00e9doya\",\"url\":\"https:\\\/\\\/ehpadpedoya.fr\\\/\",\"logo\":{\"@type\":\"ImageObject\",\"inLanguage\":\"fr-FR\",\"@id\":\"https:\\\/\\\/ehpadpedoya.fr\\\/#\\\/schema\\\/logo\\\/image\\\/\",\"url\":\"https:\\\/\\\/ehpadpedoya.fr\\\/wp-content\\\/uploads\\\/2025\\\/05\\\/cropped-Capture-decran-2025-05-14-155737.png\",\"contentUrl\":\"https:\\\/\\\/ehpadpedoya.fr\\\/wp-content\\\/uploads\\\/2025\\\/05\\\/cropped-Capture-decran-2025-05-14-155737.png\",\"width\":184,\"height\":189,\"caption\":\"R\u00e9sidence G\u00e9n\u00e9ral Gustave P\u00e9doya\"},\"image\":{\"@id\":\"https:\\\/\\\/ehpadpedoya.fr\\\/#\\\/schema\\\/logo\\\/image\\\/\"}}]}<\/script>\n<!-- \/ Yoast SEO plugin. -->","yoast_head_json":{"title":"Les accompagnements sp\u00e9cifiques - R\u00e9sidence G\u00e9n\u00e9ral Gustave PEDOYA","robots":{"index":"index","follow":"follow","max-snippet":"max-snippet:-1","max-image-preview":"max-image-preview:large","max-video-preview":"max-video-preview:-1"},"canonical":"https:\/\/ehpadpedoya.fr\/?page_id=300","og_locale":"fr_FR","og_type":"article","og_title":"Les accompagnements sp\u00e9cifiques - R\u00e9sidence G\u00e9n\u00e9ral Gustave PEDOYA","og_description":"L&rsquo;unit\u00e9 prot\u00e9g\u00e9e La maladie d\u2019Alzheimer et autres d\u00e9mences sont les plus fr\u00e9quentes des maladies neurod\u00e9g\u00e9n\u00e9ratives. Elles repr\u00e9sentent une cause majeure de perte d\u2019autonomie, de troubles &hellip;","og_url":"https:\/\/ehpadpedoya.fr\/?page_id=300","og_site_name":"R\u00e9sidence G\u00e9n\u00e9ral Gustave PEDOYA","article_modified_time":"2025-12-09T13:56:02+00:00","og_image":[{"url":"http:\/\/ehpadpedoya.fr\/wp-content\/uploads\/2025\/08\/Capture-decran-2025-08-21-110634.png","type":"","width":"","height":""}],"twitter_card":"summary_large_image","twitter_misc":{"Dur\u00e9e de lecture estim\u00e9e":"2 minutes"},"schema":{"@context":"https:\/\/schema.org","@graph":[{"@type":"WebPage","@id":"https:\/\/ehpadpedoya.fr\/?page_id=300","url":"https:\/\/ehpadpedoya.fr\/?page_id=300","name":"Les accompagnements sp\u00e9cifiques - R\u00e9sidence G\u00e9n\u00e9ral Gustave PEDOYA","isPartOf":{"@id":"https:\/\/ehpadpedoya.fr\/#website"},"primaryImageOfPage":{"@id":"https:\/\/ehpadpedoya.fr\/?page_id=300#primaryimage"},"image":{"@id":"https:\/\/ehpadpedoya.fr\/?page_id=300#primaryimage"},"thumbnailUrl":"http:\/\/ehpadpedoya.fr\/wp-content\/uploads\/2025\/08\/Capture-decran-2025-08-21-110634.png","datePublished":"2025-06-10T08:56:19+00:00","dateModified":"2025-12-09T13:56:02+00:00","breadcrumb":{"@id":"https:\/\/ehpadpedoya.fr\/?page_id=300#breadcrumb"},"inLanguage":"fr-FR","potentialAction":[{"@type":"ReadAction","target":["https:\/\/ehpadpedoya.fr\/?page_id=300"]}]},{"@type":"ImageObject","inLanguage":"fr-FR","@id":"https:\/\/ehpadpedoya.fr\/?page_id=300#primaryimage","url":"https:\/\/ehpadpedoya.fr\/wp-content\/uploads\/2025\/08\/Capture-decran-2025-08-21-110634.png","contentUrl":"https:\/\/ehpadpedoya.fr\/wp-content\/uploads\/2025\/08\/Capture-decran-2025-08-21-110634.png","width":403,"height":197},{"@type":"BreadcrumbList","@id":"https:\/\/ehpadpedoya.fr\/?page_id=300#breadcrumb","itemListElement":[{"@type":"ListItem","position":1,"name":"Accueil","item":"https:\/\/ehpadpedoya.fr\/"},{"@type":"ListItem","position":2,"name":"La r\u00e9sidence","item":"https:\/\/ehpadpedoya.fr\/?page_id=156"},{"@type":"ListItem","position":3,"name":"Les accompagnements sp\u00e9cifiques"}]},{"@type":"WebSite","@id":"https:\/\/ehpadpedoya.fr\/#website","url":"https:\/\/ehpadpedoya.fr\/","name":"R\u00e9sidence G\u00e9n\u00e9ral Gustave P\u00e9doya","description":"&quot;un cadre familial, un accompagnement personnalis\u00e9, une maison pour bien vivre ensemble&quot;","publisher":{"@id":"https:\/\/ehpadpedoya.fr\/#organization"},"potentialAction":[{"@type":"SearchAction","target":{"@type":"EntryPoint","urlTemplate":"https:\/\/ehpadpedoya.fr\/?s={search_term_string}"},"query-input":{"@type":"PropertyValueSpecification","valueRequired":true,"valueName":"search_term_string"}}],"inLanguage":"fr-FR"},{"@type":"Organization","@id":"https:\/\/ehpadpedoya.fr\/#organization","name":"R\u00e9sidence G\u00e9n\u00e9ral Gustave P\u00e9doya","url":"https:\/\/ehpadpedoya.fr\/","logo":{"@type":"ImageObject","inLanguage":"fr-FR","@id":"https:\/\/ehpadpedoya.fr\/#\/schema\/logo\/image\/","url":"https:\/\/ehpadpedoya.fr\/wp-content\/uploads\/2025\/05\/cropped-Capture-decran-2025-05-14-155737.png","contentUrl":"https:\/\/ehpadpedoya.fr\/wp-content\/uploads\/2025\/05\/cropped-Capture-decran-2025-05-14-155737.png","width":184,"height":189,"caption":"R\u00e9sidence G\u00e9n\u00e9ral Gustave P\u00e9doya"},"image":{"@id":"https:\/\/ehpadpedoya.fr\/#\/schema\/logo\/image\/"}}]}},"_links":{"self":[{"href":"https:\/\/ehpadpedoya.fr\/index.php?rest_route=\/wp\/v2\/pages\/300","targetHints":{"allow":["GET"]}}],"collection":[{"href":"https:\/\/ehpadpedoya.fr\/index.php?rest_route=\/wp\/v2\/pages"}],"about":[{"href":"https:\/\/ehpadpedoya.fr\/index.php?rest_route=\/wp\/v2\/types\/page"}],"author":[{"embeddable":true,"href":"https:\/\/ehpadpedoya.fr\/index.php?rest_route=\/wp\/v2\/users\/2"}],"replies":[{"embeddable":true,"href":"https:\/\/ehpadpedoya.fr\/index.php?rest_route=%2Fwp%2Fv2%2Fcomments&post=300"}],"version-history":[{"count":15,"href":"https:\/\/ehpadpedoya.fr\/index.php?rest_route=\/wp\/v2\/pages\/300\/revisions"}],"predecessor-version":[{"id":821,"href":"https:\/\/ehpadpedoya.fr\/index.php?rest_route=\/wp\/v2\/pages\/300\/revisions\/821"}],"up":[{"embeddable":true,"href":"https:\/\/ehpadpedoya.fr\/index.php?rest_route=\/wp\/v2\/pages\/156"}],"wp:attachment":[{"href":"https:\/\/ehpadpedoya.fr\/index.php?rest_route=%2Fwp%2Fv2%2Fmedia&parent=300"}],"curies":[{"name":"wp","href":"https:\/\/api.w.org\/{rel}","templated":true}]}}