{"id":687,"date":"2025-10-22T10:53:34","date_gmt":"2025-10-22T08:53:34","guid":{"rendered":"http:\/\/ehpadpedoya.fr\/?page_id=687"},"modified":"2025-12-09T14:52:59","modified_gmt":"2025-12-09T13:52:59","slug":"paroles-de-nos-equipes","status":"publish","type":"page","link":"https:\/\/ehpadpedoya.fr\/?page_id=687","title":{"rendered":"Paroles de nos \u00e9quipes"},"content":{"rendered":"\n<div class=\"wp-block-columns is-layout-flex wp-container-core-columns-is-layout-9d6595d7 wp-block-columns-is-layout-flex\">\n<div class=\"wp-block-column is-layout-flow wp-block-column-is-layout-flow\" style=\"flex-basis:33.33%\">\n<p class=\"has-text-align-justify has-text-align-justify\">\u00c0 travers leurs t\u00e9moignages, ils partagent leur exp\u00e9rience, leurs valeurs et leur vision du m\u00e9tier aupr\u00e8s des r\u00e9sidents. Cette d\u00e9marche vise \u00e0 valoriser la diversit\u00e9 des comp\u00e9tences, \u00e0 reconna\u00eetre l\u2019implication de chacun et \u00e0 t\u00e9moigner de la dynamique collective qui anime notre \u00e9tablissement. <\/p>\n<\/div>\n\n\n\n<div class=\"wp-block-column is-layout-flow wp-block-column-is-layout-flow\" style=\"flex-basis:66.66%\">\n<figure class=\"wp-block-image size-full\"><img loading=\"lazy\" decoding=\"async\" width=\"247\" height=\"419\" src=\"https:\/\/ehpadpedoya.fr\/wp-content\/uploads\/2025\/10\/Capture-decran-2025-10-22-103149.png\" alt=\"\" class=\"wp-image-688\" srcset=\"https:\/\/ehpadpedoya.fr\/wp-content\/uploads\/2025\/10\/Capture-decran-2025-10-22-103149.png 247w, https:\/\/ehpadpedoya.fr\/wp-content\/uploads\/2025\/10\/Capture-decran-2025-10-22-103149-177x300.png 177w, https:\/\/ehpadpedoya.fr\/wp-content\/uploads\/2025\/10\/Capture-decran-2025-10-22-103149-35x60.png 35w\" sizes=\"auto, (max-width: 247px) 100vw, 247px\" \/><\/figure>\n<\/div>\n<\/div>\n\n\n\n<figure class=\"wp-block-image size-full\"><img loading=\"lazy\" decoding=\"async\" width=\"747\" height=\"137\" src=\"https:\/\/ehpadpedoya.fr\/wp-content\/uploads\/2025\/10\/Capture-decran-2025-10-22-103106.png\" alt=\"\" class=\"wp-image-691\" srcset=\"https:\/\/ehpadpedoya.fr\/wp-content\/uploads\/2025\/10\/Capture-decran-2025-10-22-103106.png 747w, https:\/\/ehpadpedoya.fr\/wp-content\/uploads\/2025\/10\/Capture-decran-2025-10-22-103106-300x55.png 300w, https:\/\/ehpadpedoya.fr\/wp-content\/uploads\/2025\/10\/Capture-decran-2025-10-22-103106-327x60.png 327w\" sizes=\"auto, (max-width: 747px) 100vw, 747px\" \/><\/figure>\n\n\n\n<figure class=\"wp-block-image size-full\"><img loading=\"lazy\" decoding=\"async\" width=\"753\" height=\"141\" src=\"https:\/\/ehpadpedoya.fr\/wp-content\/uploads\/2025\/10\/Capture-decran-2025-10-22-103124.png\" alt=\"\" class=\"wp-image-693\" srcset=\"https:\/\/ehpadpedoya.fr\/wp-content\/uploads\/2025\/10\/Capture-decran-2025-10-22-103124.png 753w, https:\/\/ehpadpedoya.fr\/wp-content\/uploads\/2025\/10\/Capture-decran-2025-10-22-103124-300x56.png 300w, https:\/\/ehpadpedoya.fr\/wp-content\/uploads\/2025\/10\/Capture-decran-2025-10-22-103124-320x60.png 320w\" sizes=\"auto, (max-width: 753px) 100vw, 753px\" \/><\/figure>\n","protected":false},"excerpt":{"rendered":"<p>\u00c0 travers leurs t\u00e9moignages, ils partagent leur exp\u00e9rience, leurs valeurs et leur vision du m\u00e9tier aupr\u00e8s des r\u00e9sidents. Cette d\u00e9marche vise \u00e0 valoriser la diversit\u00e9 &hellip; <\/p>\n","protected":false},"author":2,"featured_media":0,"parent":0,"menu_order":0,"comment_status":"closed","ping_status":"closed","template":"","meta":{"ngg_post_thumbnail":0,"footnotes":""},"class_list":["post-687","page","type-page","status-publish","hentry","latest_post"],"yoast_head":"<!-- This site is optimized with the Yoast SEO plugin v27.3 - https:\/\/yoast.com\/product\/yoast-seo-wordpress\/ -->\n<title>Paroles de nos \u00e9quipes - R\u00e9sidence G\u00e9n\u00e9ral Gustave PEDOYA<\/title>\n<meta name=\"robots\" content=\"index, follow, max-snippet:-1, max-image-preview:large, max-video-preview:-1\" \/>\n<link rel=\"canonical\" href=\"https:\/\/ehpadpedoya.fr\/?page_id=687\" \/>\n<meta property=\"og:locale\" content=\"fr_FR\" \/>\n<meta property=\"og:type\" content=\"article\" \/>\n<meta property=\"og:title\" content=\"Paroles de nos \u00e9quipes - R\u00e9sidence G\u00e9n\u00e9ral Gustave PEDOYA\" \/>\n<meta property=\"og:description\" content=\"\u00c0 travers leurs t\u00e9moignages, ils partagent leur exp\u00e9rience, leurs valeurs et leur vision du m\u00e9tier aupr\u00e8s des r\u00e9sidents. Cette d\u00e9marche vise \u00e0 valoriser la diversit\u00e9 &hellip;\" \/>\n<meta property=\"og:url\" content=\"https:\/\/ehpadpedoya.fr\/?page_id=687\" \/>\n<meta property=\"og:site_name\" content=\"R\u00e9sidence G\u00e9n\u00e9ral Gustave PEDOYA\" \/>\n<meta property=\"article:modified_time\" content=\"2025-12-09T13:52:59+00:00\" \/>\n<meta property=\"og:image\" content=\"http:\/\/ehpadpedoya.fr\/wp-content\/uploads\/2025\/10\/Capture-decran-2025-10-22-103149.png\" \/>\n<meta name=\"twitter:card\" content=\"summary_large_image\" \/>\n<meta name=\"twitter:label1\" content=\"Dur\u00e9e de lecture estim\u00e9e\" \/>\n\t<meta name=\"twitter:data1\" content=\"1 minute\" \/>\n<script type=\"application\/ld+json\" class=\"yoast-schema-graph\">{\"@context\":\"https:\\\/\\\/schema.org\",\"@graph\":[{\"@type\":\"WebPage\",\"@id\":\"https:\\\/\\\/ehpadpedoya.fr\\\/?page_id=687\",\"url\":\"https:\\\/\\\/ehpadpedoya.fr\\\/?page_id=687\",\"name\":\"Paroles de nos \u00e9quipes - R\u00e9sidence G\u00e9n\u00e9ral Gustave PEDOYA\",\"isPartOf\":{\"@id\":\"https:\\\/\\\/ehpadpedoya.fr\\\/#website\"},\"primaryImageOfPage\":{\"@id\":\"https:\\\/\\\/ehpadpedoya.fr\\\/?page_id=687#primaryimage\"},\"image\":{\"@id\":\"https:\\\/\\\/ehpadpedoya.fr\\\/?page_id=687#primaryimage\"},\"thumbnailUrl\":\"http:\\\/\\\/ehpadpedoya.fr\\\/wp-content\\\/uploads\\\/2025\\\/10\\\/Capture-decran-2025-10-22-103149.png\",\"datePublished\":\"2025-10-22T08:53:34+00:00\",\"dateModified\":\"2025-12-09T13:52:59+00:00\",\"breadcrumb\":{\"@id\":\"https:\\\/\\\/ehpadpedoya.fr\\\/?page_id=687#breadcrumb\"},\"inLanguage\":\"fr-FR\",\"potentialAction\":[{\"@type\":\"ReadAction\",\"target\":[\"https:\\\/\\\/ehpadpedoya.fr\\\/?page_id=687\"]}]},{\"@type\":\"ImageObject\",\"inLanguage\":\"fr-FR\",\"@id\":\"https:\\\/\\\/ehpadpedoya.fr\\\/?page_id=687#primaryimage\",\"url\":\"https:\\\/\\\/ehpadpedoya.fr\\\/wp-content\\\/uploads\\\/2025\\\/10\\\/Capture-decran-2025-10-22-103149.png\",\"contentUrl\":\"https:\\\/\\\/ehpadpedoya.fr\\\/wp-content\\\/uploads\\\/2025\\\/10\\\/Capture-decran-2025-10-22-103149.png\",\"width\":247,\"height\":419},{\"@type\":\"BreadcrumbList\",\"@id\":\"https:\\\/\\\/ehpadpedoya.fr\\\/?page_id=687#breadcrumb\",\"itemListElement\":[{\"@type\":\"ListItem\",\"position\":1,\"name\":\"Accueil\",\"item\":\"https:\\\/\\\/ehpadpedoya.fr\\\/\"},{\"@type\":\"ListItem\",\"position\":2,\"name\":\"Paroles de nos \u00e9quipes\"}]},{\"@type\":\"WebSite\",\"@id\":\"https:\\\/\\\/ehpadpedoya.fr\\\/#website\",\"url\":\"https:\\\/\\\/ehpadpedoya.fr\\\/\",\"name\":\"R\u00e9sidence G\u00e9n\u00e9ral Gustave P\u00e9doya\",\"description\":\"&quot;un cadre familial, un accompagnement personnalis\u00e9, une maison pour bien vivre ensemble&quot;\",\"publisher\":{\"@id\":\"https:\\\/\\\/ehpadpedoya.fr\\\/#organization\"},\"potentialAction\":[{\"@type\":\"SearchAction\",\"target\":{\"@type\":\"EntryPoint\",\"urlTemplate\":\"https:\\\/\\\/ehpadpedoya.fr\\\/?s={search_term_string}\"},\"query-input\":{\"@type\":\"PropertyValueSpecification\",\"valueRequired\":true,\"valueName\":\"search_term_string\"}}],\"inLanguage\":\"fr-FR\"},{\"@type\":\"Organization\",\"@id\":\"https:\\\/\\\/ehpadpedoya.fr\\\/#organization\",\"name\":\"R\u00e9sidence G\u00e9n\u00e9ral Gustave P\u00e9doya\",\"url\":\"https:\\\/\\\/ehpadpedoya.fr\\\/\",\"logo\":{\"@type\":\"ImageObject\",\"inLanguage\":\"fr-FR\",\"@id\":\"https:\\\/\\\/ehpadpedoya.fr\\\/#\\\/schema\\\/logo\\\/image\\\/\",\"url\":\"https:\\\/\\\/ehpadpedoya.fr\\\/wp-content\\\/uploads\\\/2025\\\/05\\\/cropped-Capture-decran-2025-05-14-155737.png\",\"contentUrl\":\"https:\\\/\\\/ehpadpedoya.fr\\\/wp-content\\\/uploads\\\/2025\\\/05\\\/cropped-Capture-decran-2025-05-14-155737.png\",\"width\":184,\"height\":189,\"caption\":\"R\u00e9sidence G\u00e9n\u00e9ral Gustave P\u00e9doya\"},\"image\":{\"@id\":\"https:\\\/\\\/ehpadpedoya.fr\\\/#\\\/schema\\\/logo\\\/image\\\/\"}}]}<\/script>\n<!-- \/ Yoast SEO plugin. -->","yoast_head_json":{"title":"Paroles de nos \u00e9quipes - R\u00e9sidence G\u00e9n\u00e9ral Gustave PEDOYA","robots":{"index":"index","follow":"follow","max-snippet":"max-snippet:-1","max-image-preview":"max-image-preview:large","max-video-preview":"max-video-preview:-1"},"canonical":"https:\/\/ehpadpedoya.fr\/?page_id=687","og_locale":"fr_FR","og_type":"article","og_title":"Paroles de nos \u00e9quipes - R\u00e9sidence G\u00e9n\u00e9ral Gustave PEDOYA","og_description":"\u00c0 travers leurs t\u00e9moignages, ils partagent leur exp\u00e9rience, leurs valeurs et leur vision du m\u00e9tier aupr\u00e8s des r\u00e9sidents. Cette d\u00e9marche vise \u00e0 valoriser la diversit\u00e9 &hellip;","og_url":"https:\/\/ehpadpedoya.fr\/?page_id=687","og_site_name":"R\u00e9sidence G\u00e9n\u00e9ral Gustave PEDOYA","article_modified_time":"2025-12-09T13:52:59+00:00","og_image":[{"url":"http:\/\/ehpadpedoya.fr\/wp-content\/uploads\/2025\/10\/Capture-decran-2025-10-22-103149.png","type":"","width":"","height":""}],"twitter_card":"summary_large_image","twitter_misc":{"Dur\u00e9e de lecture estim\u00e9e":"1 minute"},"schema":{"@context":"https:\/\/schema.org","@graph":[{"@type":"WebPage","@id":"https:\/\/ehpadpedoya.fr\/?page_id=687","url":"https:\/\/ehpadpedoya.fr\/?page_id=687","name":"Paroles de nos \u00e9quipes - R\u00e9sidence G\u00e9n\u00e9ral Gustave PEDOYA","isPartOf":{"@id":"https:\/\/ehpadpedoya.fr\/#website"},"primaryImageOfPage":{"@id":"https:\/\/ehpadpedoya.fr\/?page_id=687#primaryimage"},"image":{"@id":"https:\/\/ehpadpedoya.fr\/?page_id=687#primaryimage"},"thumbnailUrl":"http:\/\/ehpadpedoya.fr\/wp-content\/uploads\/2025\/10\/Capture-decran-2025-10-22-103149.png","datePublished":"2025-10-22T08:53:34+00:00","dateModified":"2025-12-09T13:52:59+00:00","breadcrumb":{"@id":"https:\/\/ehpadpedoya.fr\/?page_id=687#breadcrumb"},"inLanguage":"fr-FR","potentialAction":[{"@type":"ReadAction","target":["https:\/\/ehpadpedoya.fr\/?page_id=687"]}]},{"@type":"ImageObject","inLanguage":"fr-FR","@id":"https:\/\/ehpadpedoya.fr\/?page_id=687#primaryimage","url":"https:\/\/ehpadpedoya.fr\/wp-content\/uploads\/2025\/10\/Capture-decran-2025-10-22-103149.png","contentUrl":"https:\/\/ehpadpedoya.fr\/wp-content\/uploads\/2025\/10\/Capture-decran-2025-10-22-103149.png","width":247,"height":419},{"@type":"BreadcrumbList","@id":"https:\/\/ehpadpedoya.fr\/?page_id=687#breadcrumb","itemListElement":[{"@type":"ListItem","position":1,"name":"Accueil","item":"https:\/\/ehpadpedoya.fr\/"},{"@type":"ListItem","position":2,"name":"Paroles de nos \u00e9quipes"}]},{"@type":"WebSite","@id":"https:\/\/ehpadpedoya.fr\/#website","url":"https:\/\/ehpadpedoya.fr\/","name":"R\u00e9sidence G\u00e9n\u00e9ral Gustave P\u00e9doya","description":"&quot;un cadre familial, un accompagnement personnalis\u00e9, une maison pour bien vivre ensemble&quot;","publisher":{"@id":"https:\/\/ehpadpedoya.fr\/#organization"},"potentialAction":[{"@type":"SearchAction","target":{"@type":"EntryPoint","urlTemplate":"https:\/\/ehpadpedoya.fr\/?s={search_term_string}"},"query-input":{"@type":"PropertyValueSpecification","valueRequired":true,"valueName":"search_term_string"}}],"inLanguage":"fr-FR"},{"@type":"Organization","@id":"https:\/\/ehpadpedoya.fr\/#organization","name":"R\u00e9sidence G\u00e9n\u00e9ral Gustave P\u00e9doya","url":"https:\/\/ehpadpedoya.fr\/","logo":{"@type":"ImageObject","inLanguage":"fr-FR","@id":"https:\/\/ehpadpedoya.fr\/#\/schema\/logo\/image\/","url":"https:\/\/ehpadpedoya.fr\/wp-content\/uploads\/2025\/05\/cropped-Capture-decran-2025-05-14-155737.png","contentUrl":"https:\/\/ehpadpedoya.fr\/wp-content\/uploads\/2025\/05\/cropped-Capture-decran-2025-05-14-155737.png","width":184,"height":189,"caption":"R\u00e9sidence G\u00e9n\u00e9ral Gustave P\u00e9doya"},"image":{"@id":"https:\/\/ehpadpedoya.fr\/#\/schema\/logo\/image\/"}}]}},"_links":{"self":[{"href":"https:\/\/ehpadpedoya.fr\/index.php?rest_route=\/wp\/v2\/pages\/687","targetHints":{"allow":["GET"]}}],"collection":[{"href":"https:\/\/ehpadpedoya.fr\/index.php?rest_route=\/wp\/v2\/pages"}],"about":[{"href":"https:\/\/ehpadpedoya.fr\/index.php?rest_route=\/wp\/v2\/types\/page"}],"author":[{"embeddable":true,"href":"https:\/\/ehpadpedoya.fr\/index.php?rest_route=\/wp\/v2\/users\/2"}],"replies":[{"embeddable":true,"href":"https:\/\/ehpadpedoya.fr\/index.php?rest_route=%2Fwp%2Fv2%2Fcomments&post=687"}],"version-history":[{"count":3,"href":"https:\/\/ehpadpedoya.fr\/index.php?rest_route=\/wp\/v2\/pages\/687\/revisions"}],"predecessor-version":[{"id":820,"href":"https:\/\/ehpadpedoya.fr\/index.php?rest_route=\/wp\/v2\/pages\/687\/revisions\/820"}],"wp:attachment":[{"href":"https:\/\/ehpadpedoya.fr\/index.php?rest_route=%2Fwp%2Fv2%2Fmedia&parent=687"}],"curies":[{"name":"wp","href":"https:\/\/api.w.org\/{rel}","templated":true}]}}